.
-5
Calculate 0 + 1 - -4 - (0 - -4).
1
Evaluate -7 - (0 + (9 - 20)).
4
Evaluate (5 - 7) + 0 - -9.
7
Calculate 2 - 6 - ((2 - 4) + 1).
-3
What is the value of -2 - ((-20 - -16) + (-2 - -1))?
3
Evaluate -14 + 9 + 1 + -1 + 1.
-4
What is -11 + (13 - (4 - -3))?
-5
What is the value of (66 - 89) + (-2 - -16)?
-9
6 - (4 - (5 - 3))
4
Evaluate -2 + -4 - -7 - -4.
5
What is -3 + 6 + -6 + -2?
-5
7 + -5 + 9 + -8
3
Calculate 4 + 0 + -3 + 4.
5
Evaluate -135 + 136 - (-1 + 8).
-6
What is (2 - (-1 + -2 + 2)) + -8?
-5
What is the value of (5 - (6 + 3)) + 3 + 9?
8
What is the value of (-2 - (7 + -7)) + 1 - 1?
-2
(5 + (0 - -1) - 1) + -8
-3
-8 + 4 + 6 + 2
4
What is the value of -3 - ((-6 - -11) + -3)?
-5
-2 + -2 - (-15 - -9 - -5)
-3
64 + -53 - (1 - -7 - 0)
3
Calculate -2 - (0 - -1) - (-1 + -2).
0
What is the value of (-4 - 1) + (1 - (19 - 17))?
-6
What is 0 + (0 - (1 - 2)) + 2?
3
Evaluate (0 - 3 - 3) + 3 + 2.
-1
(-15 - -10) + 9 + -2
2
What is -3 + -3 + -6 + 11?
-1
Calculate (-2 - (3 - 1)) + 1 + 2.
-1
(8 - 3) + -4 - -2
3
Calculate 2 + 0 - (-8 + 19 + 0).
-9
What is the value of -2 - 2 - 1 - -4 - 1?
-2
Evaluate (-1 - -5) + 6 + (-2 - -2).
10
Evaluate 3 + (-2 - -3) - (0 - -3).
1
Evaluate 2 - 0 - -2 - (-1 + 2).
3
What is the value of 3 - (7 + -4) - 5?
-5
What is the value of -9 - (0 - 15 - -7)?
-1
Calculate -7 + 1 + -2 + 3.
-5
What is the value of -4 + 7 + -6 + -2?
-5
Calculate -4 + -1 + -2 + (2 - 0).
-5
17 + (-9 - 1) + (3 - 2)
8
What is the value of 1 - 0 - (8 + (-7 - 2))?
2
What is 28 + -22 + -5 + 7?
8
(1 - 9) + 1 - -1 - -4
-2
Calculate (4 - (5 + 5)) + (-6 - -12).
0
Evaluate 0 + -3 + 6 + -4 + 2.
1
Evaluate 2 + (1 - 3 - -4).
4
What is 6 - (5 + 6 + -6)?
1
What is the value of 0 + 1 - (1 - (-5 - -2))?
-3
Calculate -1 + (4 - 7) - -2.
-2
Evaluate 13 + 0 + -12 - 4.
-3
-3 - (-4 - (-2 + -4))
-5
Calculate (-18 - (-12 + -9)) + 2 + 0.
5
What is the value of 7 + -2 + 3 + 0 + -3?
5
What is (5 + -3 - 1 - 1) + 2?
2
What is the value of (5 - 8) + (3 - 7 - -17)?
10
Calculate (4 - (2 + 3 + 4)) + 5.
0
Calculate 6 + -9 + 4 + 8.
9
Calculate (-1 - 0) + (8 + 1 - 4).
4
What is the value of -2 - (-9 + 19) - -2 - -8?
-2
Evaluate -2 - -1 - (8 - 9).
0
4 - (8 - 2) - -4
2
Calculate (1 + 3 - (-5 + 4)) + -5.
0
What is (2 - -2) + -7 + -7 + 11?
1
What is the value of -4 + (-3 - 2) + 10?
1
(-6 - 0) + 11 - (5 - 2)
2
Evaluate (7 - 12) + -2 - -11.
4
-5 - (-4 + 2) - (0 - 4)
1
Calculate -6 + -15 - -9 - -12.
0
What is (-2 - (-7 - -12)) + 8?
1
Evaluate 0 + (-5 - -8) - (2 - -3).
-2
Evaluate (-6 - -3) + 0 + (1 - -5).
3
What is -4 - (2 + (-1 - 3))?
-2
Evaluate (6 - (1 + -1)) + -4.
2
What is -2 - (-4 + (0 - -8) + -3)?
-3
What is 1 + 2 - 2 - 3?
-2
Calculate (-1 - 2) + (16 - 13) + -5.
-5
What is (4 - 1) + -1 + 1?
3
Evaluate -1 - (6 + -12) - 4.
1
(3 + 6 - 6) + -7
-4
Calculate (21 - 11) + -19 - -4.
-5
Evaluate 9 - (-24 + 38 - (0 - -7)).
2
What is -12 - ((-1 - 5) + -1)?
-5
Evaluate 0 - (-6 + 2 + 1).
3
Evaluate -4 + -11 + 18 + -10.
-7
What is (-12 - -14) + (-5 - 3)?
-6
Calculate -4 + 1 + 15 + -12.
0
What is the value of 0 + (5 - 1) + -5?
-1
Evaluate (-5 - -6) + (2 - 1) + -1.
1
What is the value of 5 - 4 - 3 - 4?
-6
What is -1 - -4 - 4 - (-5 - -10)?
-6
What is -3 + (0 - -2) + (2 - -1)?
2
Calculate 3 + (-4 - -1) + -6.
-6
What is 9 - 13 - (2 - 6)?
0
66 + -68 + 0 + 0
-2
-4 + (-2 - (-1 - 2))
-3
Evaluate (2 - (1 + 1)) + (-15 - -16).
1
Calculate 0 - 2 - (-1 + (3 - 5)).
1
What is -1 + -7 + 3 - (-4 - -3)?
-4
What is the value of -4 + 1 + (3 - -1 - 3)?
-2
What is (-19 - (-19 - 0)) + -1 + 7?
6
Calculate -2 - (-8 + 8 - 2).
0
2 + -10 + (-5 + 3 - -5)
-5
What is the value of 1 - 3 - (0 - -1)?
-3
-12 - (-13 + (1 - -10))
-10
What is -1 + -5 + 0 + 10 + -4?
0
Evaluate 4 + -1 + (-2 - -1) + 1.
3
0 + (2 - (1 + 4)) + 3
0
What is the value of 0 - (3 + 1) - (-1 - -1)?
-4
Calculate -3 - (-1 - ((-4 - -3) + 0)).
-3
-2 - (-2 - -1 - -3 - 0)
-4
What is the value of 13 + -11 - (0 + 2)?
0
Evaluate 2 + 1 + -6 + 3 + -1.
-1
Calculate -4 - (-4 - (6 + -5) - -6).
-5
11 + -6 + 1 + 2 + -6
2
4 + (0 - 2 - (-15 - -12))
5
Calculate (7 - (4 + -1)) + 1 + -1.
4
Calculate -1 - (16 + -12) - 5.
-10
What is the value of (-3 - 5) + 7 - -2?
1
3 + (-5 - (-3 + 1))
0
Calculate -5 + 1 + 2 - 3.
-5
What is the value of 0 + 3 - (-1 + 3) - 4?
-3
(12 - 19) + (7 - 1)
-1
Calculate -1 - -3 - (5 + (-1 - -3)).
-5
Evaluate 1 + (1 - 1) - 0.
1
-12 - (-6 + 3 - 8)
-1
Evaluate -1 + (1 - -3 - -1).
4
What is (3 + -1 - -4) + -4?
2
2 + -3 - (2 + -5) - -1
3
What is the value of 4 + -18 + 10 - 0?
-4
What is the value of -12 + 4 - (-2 + 1)?
-7
Evaluate (0 - 1) + -13 + 10 + 7.
3
What is -3 + 4 + (3 - 4)?
0
Calculate 0 + 2 + (9 + -2 - 9).
0
Evaluate 1 - (2 + -3 + -2).
4
(0 - 4) + 1 - -7
4
Calculate 165 - 158 - (0 + -1 + 1).
7
Evaluate (2 - (8 - 2)) + 0 - 1.
-5
What is -6 - -3 - -7 - (7 + 0)?
-3
-3 - (-4 + 6 + -6) - 3
-2
Calculate 1 + -3 + (-1 - (-2 + 1)).
-2
What is (4 - (4 + 6)) + 2?
-4
Evaluate -2 - -5 - 2 - 4 - -6.
3
-96 + 102 + 1 + 0 + -13
-6
What is the value of -17 - (-11 - -1) - (-1 - 3)?
-3
Calculate -11 + (26 + -8 - 11).
-4
What is 1 + 2 - (-2 + (-4 - -8))?
1
Calculate 1 + (3 - (-2 - 0 - -4)).
2
What is the value of 11 - 12 - ((-7 - -5) + 7)?
-6
What is the value of (0 - -5) + (-35 - -25)?
-5
-3 + (-15 - (7 - 14) - -7)
-4
Calculate (-2 + -2 - -4) + 3 + -1.
2
Calculate 4 + -10 + (8 - 1) + 7.
8
Evaluate (0 + -6 - (-32 - -32)) + 9.
3
Evaluate (1 - -4) + 5 + -3.
7
Evaluate (7 - (1 - -1) - 8) + -2.
-5
Evaluate 4 + (-2 - 3 - 4).
-5
What is 3 - (3 + -3 + 3)?
0
Evaluate -1 - (9 + -14) - 8.
-4
Evaluate (-64 - -73) + -9 + 1.
1
Calculate 0 - 4 - (-30 - -24).
2
What is -11 - -15 - (-1 - -3) - 1?
1
What is (6 - 5) + 4 - 6?
-1
What is the value of 2 + (-2 - (7 - 2)) + 2?
-3
0 - (3 - (-4 - (1 + -5)))
-3
What is (-11 + -1 - -8) + 2 + 2?
0
7 + (2 - (5 - 0))
4
Evaluate 4 + (4 - (-13 + 19)).
2
Evaluate -3 + 5 + -3 + 4 + -1.
2
What is the value of (4 - -9) + -6 + -1?
6
Evaluate (-4 - (-2 + -4)) + 16 + -8.
10
What is (-9 - -22) + -18 + (5 - -1)?
1
Calculate -2 - (-3 - (-4 - 0)).
-3
What is 0 + (-2 - 2) + 3?
-1
Evaluate 5 + (-1 - -1) + 62 + -69.
-2
What is (3 - 4) + -7 + (0 - -4)?
-4
Evaluate -2 + -2 + -5 + 2 + 3.
-4
(5 - (12 + -10 + 4)) + -1
-2
What is the value of -6 - -16 - 19 - -12?
3
What is the value of -13 - -16 - (-2 - 1)?
6
-5 + 1 + 3 + 4
3
What is 7 + 4 + -4 + -12?
-5
Calculate -6 - (-6 - -3) - (2 + -8).
3
(14 - 6) + (0 - 2)
6
-1 + (5 + -4 - -6) + -5
1
Evaluate 5 + (5 - 4) + -8.
-2
What is 7 - ((2 - (5 + -7)) + -2)?
5
Calculate 2 + 1 + (16 - (24 - 8)).
3
Evaluate 1 + 0 + 4 + -13.
-8
Evaluate 2 + (4 - 3) + 3 + -2.
4
What is the value of -1 + 1 + (3 - 8)?
-5
What is (-9 - -1) + (-17 - -20)?
-5
Evaluate (-5 + 3 - 6) + 6.
-2
Evaluate -1 - (1 - 0) - -3.
1
(-2 - (2 - 5)) + -6
-5
Calculate 5 + -7 + (6 - 1).
3
Calculate 0 + 5 - (-118 - -121).
2
What is -6 + (-2 + (-2 - 2) - -12)?
0
0 + -3 + (4 - 4) + 5
2
Calculate -37 + 38 - (0 - 4).
5
What is 3 + (3 - 8) + (-3 - -7)?
2
What is the value of 6 - (-11 + 19 + -10)?
8
What is the value of -6 + 0 - (-33 - -28)?
-1
Calculate -5 - (-5 + 1 + 2).
-3
What is -12 - 0 - -4 - -4?
-4
What is the value of 0 - -3 - (26 - 14 - 16)?
7
What is -2 + -14 + 7 + 5?
-4
1 - 5 - (-3 - 4)
3
Evaluate 2 + 0 + 1 - 2.
1
-5 + (-1 - (4 + -1))
-9
What is (16 - -5 - 4 - 6) + -4?
7
What is (-5 - -17) + (5 - 12)?
5
What is 5 + (5 - 7 - -2)?
5
Evaluate 0 + -4 + (1 - -4) - 2.
-1
What is the value of -12 - (-14 + (-6 - -11))?
-3
What is the value of -21 + 27 - (4 + (2 - 3))?
3
Evaluate 8 + 9 + -7 + 2 + -4.
8
What is -1 + 0 + 9 + (-5 - 0)?
3
Evaluate -4 + (2 - 3) - (1 - 3).
-3
Calculate 8 - (6 + 9 + -1).
-6
6 + 0 - (2 - -1) - 3
0
What is the value of -26 + (-8 - -12) + 13?
-9
-1 - -4 - (10 + 0) - 1
-8
What is 6 - ((5 - 2) + 1 - 0)?
2
What is 1 + (-1 - -3) + (3 - 6)?
0
What is 5 + -1 - (3 - -3)?
-2
Evaluate 7 + -11 - (2 + -8).
2
Evaluate 10 + (1 - 0 - 7).
4
-7 + -2 + (0 - -5)
-4
Evaluate -5 - (-6 + 3) - -2.
0
What is 1 + -2 - -5 - (86 - 80)?
-2
Evaluate -14 + 2 + (-37 - -39).
-10
What is 36 - 25 - (2 - 1 - -3)?
7
What is the value of -1 + 3 + (-3 - (2 - 2))?
-1
-11 + 7 - (-2 - 7)
5
Evaluate -11 + (10 - 0) + 1.
0
What is the value of -5 - 0 - (56 - 57)?
-4
What is 5 + (-7 - (3 + -6))?
1
Evaluate 9 + 2 + -5 + (-4 - -3).
5
Evaluate 2 + 2 - 3 - (2 + -1).
0
0 - 6 - (48 - 49)
-5
What is the value of (0 -